and o?
18
Suppose 3*l = 3*v + 1212, 4*l = 5*v + 1160 + 865. Let h = -376 - v. Suppose -5*m + 206 = -124. What is the highest common factor of m and h?
33
Suppose 2*n + 63 = 5*a, -n + 38 + 15 = 4*a. What is the highest common divisor of a and 11?
1
Suppose y = -24*y + 7425. Let h(n) = n + 24. Let c be h(3). What is the highest common factor of c and y?
27
Suppose 13*y - 11*y = 5*f - 4844, f - y - 967 = 0. What is the highest common divisor of f and 10?
10
Let w be -3 + 7/(21/9). Suppose w = 4*j - 25 - 35. What is the highest common divisor of 30 and j?
15
Let g = -1250 - -1301. What is the highest common factor of g and 1513?
17
Let p be (-7 - -8)*(16 - -1). Suppose -24 = r + 5*j - 3, -5*r - 2*j = 13. Let k be (164 - 10) + (r - 0). What is the greatest common factor of k and p?
17
Suppose 86*r - 13035 = -47*r - 32*r. Calculate the greatest common factor of r and 27650.
79
Let k be (0 - (0 - -1))*(-8 - -8). Suppose k = -3*q - 11*a + 7*a + 44, q = -2*a + 16. Calculate the greatest common factor of q and 348.
12
Let p = -286 + 324. Suppose 5*t = 4*o + 2862, t - o - 22 = 551. Suppose b - 4*b + t = 0. Calculate the greatest common divisor of b and p.
38
Suppose -144 + 12 = -j. Let o be (j/55)/((-3)/(-20)). Let a be 7514/117 - 4/18. What is the highest common divisor of a and o?
16
Let i be 471/15 - (-4)/(-10). Suppose i*x - 110 = 29*x. Calculate the highest common factor of x and 495.
55
Suppose 15*u - 996 = 624. What is the greatest common divisor of 228 and u?
12
Let q be (10 - 16) + 2 + -2. Let j be -7*((-448)/49 - q). Calculate the greatest common divisor of j and 198.
22
Let s(d) = -7 + 298*d - 8 - 301*d. Let t be s(-9). Let k be -2*7/(-5)*(t - 7). What is the highest common divisor of 154 and k?
14
Suppose 442*a - 459*a + 11900 = 0. Calculate the highest common factor of 6400 and a.
100
Let p = 3279 + -3207. Suppose 3*o + 5 = 4*a, 3*a + 5*o - 8 = 3. Suppose 48 = -j + a*j. What is the greatest common factor of j and p?
24
Let w be (3 - 4)*(82 - -5). Let a be ((-1)/(-2))/(2/12) - w. What is the greatest common factor of 60 and a?
30
Let x(y) = 15*y + 700. Let n be x(-37). What is the greatest common divisor of n and 8410?
145
Suppose 0 = -7*k + 15 + 27. Suppose 0 = c + 3*f + 5 + 3, 0 = -2*c - 4*f - 8. Let r(a) = -2*a + 9. Let t be r(c). What is the highest common factor of k and t?
1
Let b = -36 + 48. Suppose 5*h + 5*a = -100, 2*a - 52 = -0*h + 2*h. Let m = h + 43. What is the greatest common divisor of b and m?
4
Let v be (8/(112/21))/((-1)/(-2)). Suppose 4*h + v*h = 0. Let l be (-8 - h)/(5/(-35)). What is the highest common divisor of 21 and l?
7
Let r = -31 - -89. Calculate the highest common factor of r and 13050.
58
Let s(d) = -11*d**2 - d + 329. Let w be s(0). Suppose w*f - 10 = 327*f. What is the greatest common factor of f and 35?
5
Let n be 9 - 10/15*-69 - 11. What is the highest common factor of 2607 and n?
11
Suppose -4*r + 0*r = 4*o + 56, -3*o - 5*r - 38 = 0. Let t = 9 + o. Let n be (t - -7) + 73 + 4 + -2. What is the highest common divisor of n and 30?
15
Let m(a) = 448*a**2 - 257*a + 1867. Let w be m(7). Calculate the highest common factor of w and 60.
60
Suppose 0 = -53*m + 218289 - 88651. Calculate the greatest common divisor of 2 and m.
2
Suppose 2*g = 1 + 3. Let u be (-3)/5*12*(-5)/2. Let h be u/(-8)*(-28)/21. Calculate the greatest common divisor of g and h.
1
Let i = -204 + 208. Suppose 2*h + 3*m = i*h + 1, 5*m - 25 = 0. What is the greatest common divisor of 63 and h?
7
Let s = -18530 - -18635. Calculate the greatest common factor of 140 and s.
35
Suppose -2*m + 3*m = -2*g + 58, -g + m = -26. Let a = -23 + g. What is the highest common factor of 2 and a?
1
Let x(b) = 17*b**2 - 1. Let m(i) = 3*i + 44. Let r be m(-13). Suppose 0 = 3*o - 2 + r. Let g be x(o). Calculate the highest common divisor of g and 2.
2
Suppose -5*t - 3 = 57. Let v be t/(-6) - (-1)/((-2)/(-116)). What is the highest common factor of 12 and v?
12
Let j(l) be the first derivative of -l**3/3 - l**2/2 - 2*l - 27. Let m be j(-2). Let f be (9/m)/(6/(-56)). Calculate the greatest common factor of f and 21.
21
Let s = -4977 - -6471. Calculate the highest common factor of 162 and s.
18
Let t = -266 + 376. Suppose -4*n + 36 = g + 3*g, -n - 5*g = -5. Suppose -20 = n*w - t. What is the highest common factor of 36 and w?
9
Let f(d) = d**2 - 4*d - 19. Let i be f(7). Suppose 0 = -i*w + 5*w + 120. Let o = w - -79. Calculate the greatest common factor of o and 39.
39
Let r(x) = 1105*x - 1073. Let m be r(1). Calculate the highest common factor of m and 29408.
32
Suppose 5*r + 4*h - 12 = 0, -4*h + 2 = -4*r - 10. Suppose r = 5*z - 3*z - 154. Let k = z + -44. Calculate the greatest common divisor of k and 11.
11
Let n(s) = -s**2 - 16*s - 36. Let v be n(-12). Suppose 223 = -v*f + 43. Let i be (-1 - (-10)/4)/(f/(-550)). Calculate the greatest common divisor of 110 and i.
55
Let a(j) be the first derivative of -j**4/4 + 3*j**3 - 8*j**2 - 11*j + 4. Let o be a(6). What is the greatest common factor of 4 and o?
1
Let p(h) = -h**3 + 28*h**2 - 31*h - 81. Let w be p(27). Let q be -6 + (-102)/(-16) + w/(-8). What is the highest common divisor of q and 64?
8
Let w(h) = -h**3 + 8*h**2 - 7*h. Let p be w(6). Suppose -2*k = 3 - 21 - 18. Calculate the highest common factor of p and k.
6
Suppose -40 = -s - 2*f, 0 = 647*f - 644*f + 3. Calculate the greatest common divisor of s and 189.
21
Let w(j) = -2*j + 102. Let p be w(6). Let q be 5/4*(7 + -5)*2. Suppose -q*r = -0 - 50. What is the highest common divisor of r and p?
10
Let k be ((-90)/(-60))/(3/30). What is the highest common divisor of 123 and k?
3
Let t be (166/(-56) + (-1785)/(-1428))/(1/(-196)). What is the highest common divisor of 1218 and t?
42
Let y(m) = -m**3 + 6*m**2 - 5*m + 19. Let g be y(8). Let q be 27/81 + g/(-3). Calculate the highest common factor of q and 900.
50
Let b = -28359 - -28375. Suppose -5*z + 2680 = -0*z. What is the greatest common factor of b and z?
8
Let z(h) = -5*h + 64. Let w be z(12). Suppose 2*r = w*b + 11 + 5, 4*r + 4*b = 20. Let n be 715/26 + (-3)/r. Calculate the greatest common divisor of n and 3.
3
Let k = 33494 + -28444. What is the highest common factor of k and 50?
50
Let m be (-9)/(-4)*32/6. Suppose 7*p + 13*b = 18*b + 2288, -5*p - b + 1616 = 0. Calculate the highest common factor of p and m.
12
Let v(r) = 6*r**2 + 51*r + 37. Let w be v(11). Suppose -w = -4*o + 4*n, 2*n = -n + 15. What is the greatest common divisor of o and 21?
21
Let n be -4 + (-8 - -360) + -3. What is the greatest common divisor of n and 285?
15
Let j = -138 + 217. Let f = j - 69. Suppose -5*i - 40 = -5*a - 0*a, 3*a + 5*i = -8. Calculate the highest common factor of a and f.
2
Let i be (2 - ((-99)/2 + 4))*-2. Let l = i + 157. What is the highest common divisor of l and 248?
62
Let b = 719 + -1018. Let y = b - -353. Calculate the greatest common divisor of y and 144.
18
Suppose -2*a + 154 = 102. Suppose a*s = 5*i + 28*s - 8, 6 = 4*i + 2*s. What is the highest common factor of i and 13?
1
Let t(s) = -s**3 + 18*s. Let h be t(4). What is the highest common divisor of 25512 and h?
8
Let b be (0 - (-534)/(-9))*6/(-4). Let r = b - 80. Let j be ((-3)/r - 10/15)*-14. What is the highest common factor of j and 126?
14
Let t(k) = -11*k**3 + 153*k**2 + 17*k + 14. Let g be t(14). Calculate the highest common factor of 20244 and g.
28
Suppose -210*x = -270*x + 390060. What is the highest common divisor of x and 165?
33
Let j(l) = -l**3 - 19*l**2 - 80*l - 22. Let o be j(-13). What is the highest common factor of o and 6240?
4
Let o = 370 + -337. Let k = o - -59. What is the greatest common divisor of k and 23?
23
Suppose 2326*h - 2325*h = 2*i - 10, -4*i = -3*h - 8. Suppose 8*k - 4*k = 96. What is the highest common divisor of h and k?
12
Suppose 5*c - 30 = 0, 15*c - 13*c - 77 = -5*q. Calculate the greatest common divisor of 17797 and q.
13
Let m be (0 + -3 - -3)/2. Suppose -40 = -m*h - 4*h. Let t = 120 - 10. What is the highest common divisor of t and h?
10
Suppose -3*h = -13357 + 13327. Calculate the greatest common divisor of 478 and h.
2
Let f = 22 - -246. Let a = -213 + f. Calculate the greatest common divisor of a and 110.
55
Suppose 2*t = -0*q - 4*q + 270, -2*t = 5*q - 339. Let f be 2/9 + 12*927/243. What is the highest common divi